base 5, what is -201 + 34143?
33442
In base 15, what is 3 - -1e52c1?
1e52c4
In base 14, what is 63da71 - 2?
63da6d
In base 5, what is -4 - 10214?
-10223
In base 6, what is -10 - -43310234?
43310224
In base 11, what is 11a949 - -1?
11a94a
In base 9, what is -5714 - 38?
-5753
In base 11, what is 13a9 - 39?
1370
In base 13, what is -6b89 + 1?
-6b88
In base 10, what is -47124 + 0?
-47124
In base 3, what is -120012121221 + 11?
-120012121210
In base 12, what is -57538 + -3?
-5753b
In base 8, what is -4 - 433405?
-433411
In base 5, what is 324 + 2134030?
2134404
In base 13, what is -37776 - -2?
-37774
In base 6, what is 102044 + -31?
102013
In base 11, what is -50 - -119?
79
In base 2, what is -1010 + -1010001010010?
-1010001011100
In base 2, what is 1001101110000001 - 1?
1001101110000000
In base 13, what is 268 + -518b?
-4c23
In base 6, what is -1230 + 25155?
23525
In base 12, what is 10a - 1022?
-b14
In base 9, what is -860 + -248?
-1218
In base 13, what is -3414 + -5?
-3419
In base 10, what is -57 + 362?
305
In base 16, what is 6b9c - 3?
6b99
In base 4, what is 21011232 - -2?
21011300
In base 6, what is -5 + 32140?
32131
In base 6, what is -42 - -3105?
3023
In base 6, what is -3054234 - 4?
-3054242
In base 10, what is -596614 - 5?
-596619
In base 13, what is 23 + 6754?
6777
In base 8, what is -2517 + -141?
-2660
In base 11, what is -3822 + -2?
-3824
In base 8, what is -2260 - -1?
-2257
In base 3, what is 10121 + 100120012?
100200210
In base 10, what is 2 + -74348?
-74346
In base 7, what is 212500 + 2?
212502
In base 7, what is -1436 - 226?
-1665
In base 14, what is 3 + 1c24?
1c27
In base 5, what is 104112 + -23?
104034
In base 4, what is -11 + -3301323?
-3302000
In base 9, what is -1 + -1404?
-1405
In base 8, what is -176 + -462?
-660
In base 5, what is -1204 - 11104?
-12313
In base 12, what is -956 - 85?
-a1b
In base 8, what is 25355741 + 0?
25355741
In base 15, what is 13 - e7b?
-e68
In base 8, what is 0 + 33212?
33212
In base 4, what is -1 - 10012003110?
-10012003111
In base 12, what is -9a6 - 61a?
-1404
In base 7, what is 13 + -405?
-362
In base 8, what is -232710 - -2?
-232706
In base 16, what is -2 + 5fd6?
5fd4
In base 7, what is 52663 + -2?
52661
In base 11, what is 5a18 + 12?
5a2a
In base 7, what is 340 + 61143?
61513
In base 7, what is 0 - -25406?
25406
In base 8, what is 3 - 2063773?
-2063770
In base 4, what is 2 - -22021220?
22021222
In base 10, what is 29597 + 5?
29602
In base 2, what is -10100110 + -1101100001?
-10000000111
In base 3, what is 212200001 + 101?
212200102
In base 5, what is 310 + 1323?
2133
In base 14, what is 95821 - 2?
9581d
In base 8, what is 17 + -130614?
-130575
In base 14, what is -249 - -a31?
7c6
In base 11, what is 2 + -120a1a?
-120a18
In base 15, what is 13 + -1d5d?
-1d4a
In base 10, what is -28749 - -3?
-28746
In base 10, what is 925 + -30?
895
In base 16, what is -1c34 + -4?
-1c38
In base 15, what is -11eca4 + -4?
-11eca8
In base 2, what is -1110011100011100011 - 0?
-1110011100011100011
In base 10, what is 8 - 12672?
-12664
In base 8, what is -40 + -674774?
-675034
In base 16, what is -3 - 1239c?
-1239f
In base 12, what is 254 - 25b?
-7
In base 3, what is -2111 + 122200?
120012
In base 3, what is 1122000122 + 2?
1122000201
In base 9, what is 8 + 3765?
3774
In base 8, what is -464662 - 2?
-464664
In base 8, what is 26 - 33127?
-33101
In base 6, what is 212 + 353?
1005
In base 7, what is 1 + 322052?
322053
In base 7, what is 3544 + -236?
3305
In base 7, what is 1301 - 551?
420
In base 2, what is -110010 - 1111001101?
-1111111111
In base 12, what is -205 + -159?
-362
In base 14, what is -6a + 20?
-4a
In base 2, what is -10100110 - -1101001000110?
1100110100000
In base 5, what is 124322 + 2?
124324
In base 15, what is 9e044 + 1?
9e045
In base 15, what is -3958 + 3?
-3955
In base 8, what is 6260 - 57?
6201
In base 13, what is -905 + -200?
-b05
In base 9, what is -371351 + 4?
-371346
In base 13, what is -127654a + -5?
-1276552
In base 13, what is 27 + 1c06?
1c30
In base 12, what is -4162b + -4?
-41633
In base 9, what is -1020666 - 0?
-1020666
In base 4, what is -1012033 + 222?
-1011211
In base 15, what is 17d - 65b?
-4cd
In base 9, what is 50 + -353?
-303
In base 8, what is 112 + -63776?
-63664
In base 15, what is 4b5 + -6?
4ae
In base 7, what is -3344 - -14515?
11141
In base 9, what is 63 + -132437?
-132364
In base 16, what is 1213b + 10?
1214b
In base 3, what is -2012202112100 + -11?
-2012202112111
In base 4, what is 1 - 31010?
-31003
In base 12, what is 2 + 3aa8?
3aaa
In base 13, what is 316a + a1?
323b
In base 16, what is -21a35 + -4?
-21a39
In base 10, what is 12 + 1902?
1914
In base 5, what is -12221340 - -1?
-12221334
In base 11, what is -114a - -47?
-1103
In base 3, what is 2201122210 - 112?
2201122021
In base 4, what is 3323332112 + 0?
3323332112
In base 3, what is 2100022 + 21002?
2121101
In base 9, what is -8156602 + -1?
-8156603
In base 3, what is -11120120221 - -10020?
-11120110201
In base 4, what is 22002 - -2133?
30201
In base 15, what is -151774 - 1?
-151775
In base 11, what is 2a + 14191?
14210
In base 13, what is 234 + -2006?
-1aa2
In base 13, what is 198b + -3a2?
15b9
In base 4, what is 10 - -113301?
113311
In base 16, what is 14 - ae8?
-ad4
In base 10, what is 14984 - -305?
15289
In base 7, what is 214 - -144?
361
In base 10, what is -2 + 361201?
361199
In base 15, what is 2 - 11a5?
-11a3
In base 9, what is -25 + -2212?
-2237
In base 5, what is 10 - -112233?
112243
In base 16, what is 1b3b4 + 10?
1b3c4
In base 15, what is -5 + -2354?
-2359
In base 12, what is aa53 - -7?
aa5a
In base 4, what is 110013 - 102?
103311
In base 2, what is -1000 + -1000001100001101000?
-1000001100001110000
In base 14, what is -b - -211?
204
In base 15, what is -27921 - 0?
-27921
In base 14, what is -7b73 - a?
-7b7d
In base 16, what is -5 - 134c?
-1351
In base 16, what is 28a + -616?
-38c
In base 4, what is -132231 + 22021?
-110210
In base 14, what is -4 + -8863?
-8867
In base 12, what is -3 - 2016?
-2019
In base 8, what is -406 + 626?
220
In base 8, what is 4 - 132007?
-132003
In base 6, what is -14524 - 411?
-15335
In base 10, what is -208301 - 0?
-208301
In base 7, what is 2364 - 5?
2356
In base 7, what is 42424 - -2?
42426
In base 2, what is -100010 + 1100011010000?
1100010101110
In base 15, what is -8200 + -10?
-8210
In base 9, what is 11 + 12860?
12871
In base 8, what is -671437 + 4?
-671433
In base 12, what is 1948 - -7?
1953
In base 7, what is -50 + -456?
-536
In base 2, what is 10 - 1011000000000010000?
-1011000000000001110
In base 8, what is 0 + 521666?
521666
In base 3, what is 11022 + 1011?
12110
In base 7, what is 104 - -25?
132
In base 5, what is -1413 + -2013103?
-2020021
In base 5, what is 1 + 40033430?
40033431
In base 15, what is -1c863 + 2?
-1c861
In base 3, what is 10 + 11200100112?
11200100122
In base 14, what is -38411 + 18?
-383d7
In base 13, what is 203 + 124?
327
In base 3, what is 1 + 10221222000?
10221222001
In base 8, what is 26551 + -7?
26542
In base 2, what is 101000110110 + 1000?
101000111110
In base 14, what is -6 + -1cb94?
-1cb9a
In base 6, what is -1 + 143040?
143035
In base 10, what is 0 + 168588?
168588
In base 13, what is -6c561 + 7?
-6c557
In base 3, what is -20010212100 + -1122?
-20010220222
In base 9, what is 2426 - 544?
1772
In base 13, what is 3ac - -710?
abc
In base 9, what is -7 + 321?
313
In base 3, what is 12 - -12012112?
12012201
In base 6, what is 23314 + 1?
23315
In base 5, what is 1 - -211202?
211203
In base 5, what is 131123221 + 2?
131123223
In base 7, what is 0 - 1364353?
-1364353
In base 10, what is 35 - 3375?
-3340
In base 2, what is -110011111111 + 110000001?
-101101111110
In base 2, what is 1110001110010 - -101?
1110001110111
In base 13, what is -5bc + 1a6?
-416
In base 14, what is 351 - -4?
355
In base 11, what is -1 - -171491?
171490
In base 6, what is 2323301 + -10?
2323251
In base 11, what is 48a + 6a?
549
In base 3, what is 1022 + -10120011?
-10111212
In base 6, what is -400 + 2042?
1242
In base 7, what is -421002 + 4?
-420665
In base 10, what is -3049 - 62?
-3111
In base 15, what is 104e + -87?
eb7
In base 6, what is 4303 - -511?
5214
In base 14, what is -5a0c8 - 3?
-5a0cb
In base 3, what is 12 - -21201112?
21201201
In base 6, what is -5231505 + 1?
-5231